{"id":7228,"date":"2019-09-08T17:56:25","date_gmt":"2019-09-08T15:56:25","guid":{"rendered":"https:\/\/www.villamadruzzo.com\/camere\/garden\/junior-suite\/"},"modified":"2022-06-08T19:51:44","modified_gmt":"2022-06-08T17:51:44","slug":"junior-suite","status":"publish","type":"room","link":"https:\/\/www.villamadruzzo.com\/de\/zimmer\/garden\/junior-suite\/","title":{"rendered":"Junior Suite Garden"},"content":{"rendered":"\n<p>Die <strong>Junior Suite Garden<\/strong>, im klassisch-modernen Stil, <strong>befindet sich auf der letzten, nagelneuen Etage des gleichnamigen Fl\u00fcgels<\/strong>. Gew\u00e4hlte Tapeten und Einrichtungsaccessoires in den diffusen Graut\u00f6nen schaffen <strong>eine anspruchsvolle, intime und entspannte Atmosph\u00e4re<\/strong>.<\/p>\n\n\n\n<p>Das Hauptbadezimmer ist die eigentliche Besonderheit dieses Zimmers: Vor der Dusche befindet sich die <strong>Panorama-Zweisitzer-Sauna<\/strong> mit Blick auf die gro\u00dfe Terrasse mit <strong>privatem Whirlpool<\/strong>. Von hier oder auf den Liegest\u00fchlen liegend, k\u00f6nnen Sie sich <strong>von dem spektakul\u00e4ren Panorama<\/strong> des Tals und seiner Weinberge <strong>einh\u00fcllen lassen<\/strong>.<\/p>\n","protected":false},"featured_media":7894,"parent":7161,"menu_order":41,"template":"","acf":[],"_links":{"self":[{"href":"https:\/\/www.villamadruzzo.com\/de\/wp-json\/wp\/v2\/room\/7228"}],"collection":[{"href":"https:\/\/www.villamadruzzo.com\/de\/wp-json\/wp\/v2\/room"}],"about":[{"href":"https:\/\/www.villamadruzzo.com\/de\/wp-json\/wp\/v2\/types\/room"}],"up":[{"embeddable":true,"href":"https:\/\/www.villamadruzzo.com\/de\/wp-json\/wp\/v2\/room\/7161"}],"wp:featuredmedia":[{"embeddable":true,"href":"https:\/\/www.villamadruzzo.com\/de\/wp-json\/wp\/v2\/media\/7894"}],"wp:attachment":[{"href":"https:\/\/www.villamadruzzo.com\/de\/wp-json\/wp\/v2\/media?parent=7228"}],"curies":[{"name":"wp","href":"https:\/\/api.w.org\/{rel}","templated":true}]}}

<p>Die <strong>Junior Suite Garden</strong>, im klassisch-modernen Stil, <strong>befindet sich auf der letzten, nagelneuen Etage des gleichnamigen Flügels</strong>. Gewählte Tapeten und Einrichtungsaccessoires in den diffusen Grautönen schaffen <strong>eine anspruchsvolle, intime und entspannte Atmosphäre</strong>.</p>



<p>Das Hauptbadezimmer ist die eigentliche Besonderheit dieses Zimmers: Vor der Dusche befindet sich die <strong>Panorama-Zweisitzer-Sauna</strong> mit Blick auf die große Terrasse mit <strong>privatem Whirlpool</strong>. Von hier oder auf den Liegestühlen liegend, können Sie sich <strong>von dem spektakulären Panorama</strong> des Tals und seiner Weinberge <strong>einhüllen lassen</strong>.</p>
