{"id":7258,"date":"2019-11-19T18:19:49","date_gmt":"2019-11-19T17:19:49","guid":{"rendered":"https:\/\/www.villamadruzzo.com\/sala\/veranda\/"},"modified":"2020-06-04T17:59:30","modified_gmt":"2020-06-04T15:59:30","slug":"veranda","status":"publish","type":"meeting","link":"https:\/\/www.villamadruzzo.com\/de\/raum\/veranda\/","title":{"rendered":"Veranda Raum"},"content":{"rendered":"\n<p>Der Verandaraum ist der perfekte Ort, um Mittag- und Abendessen in einem raffinierten und exklusiven Ambiente zu genie\u00dfen. Der Raum, mit Liebe zum Detail, bietet dank der gro\u00dfen Panoramafenster einen entspannenden Blick auf die jahrhundertealten Tannen- und Zedernb\u00e4ume im Garten und auf die entz\u00fcckenden umliegenden H\u00fcgel. <\/p>\n","protected":false},"featured_media":7989,"menu_order":29,"template":"","acf":[],"_links":{"self":[{"href":"https:\/\/www.villamadruzzo.com\/de\/wp-json\/wp\/v2\/meeting\/7258"}],"collection":[{"href":"https:\/\/www.villamadruzzo.com\/de\/wp-json\/wp\/v2\/meeting"}],"about":[{"href":"https:\/\/www.villamadruzzo.com\/de\/wp-json\/wp\/v2\/types\/meeting"}],"wp:featuredmedia":[{"embeddable":true,"href":"https:\/\/www.villamadruzzo.com\/de\/wp-json\/wp\/v2\/media\/7989"}],"wp:attachment":[{"href":"https:\/\/www.villamadruzzo.com\/de\/wp-json\/wp\/v2\/media?parent=7258"}],"curies":[{"name":"wp","href":"https:\/\/api.w.org\/{rel}","templated":true}]}}

<p>Der Verandaraum ist der perfekte Ort, um Mittag- und Abendessen in einem raffinierten und exklusiven Ambiente zu genießen. Der Raum, mit Liebe zum Detail, bietet dank der großen Panoramafenster einen entspannenden Blick auf die jahrhundertealten Tannen- und Zedernbäume im Garten und auf die entzückenden umliegenden Hügel. </p>
